{"id":9800,"date":"2023-02-08T14:34:42","date_gmt":"2023-02-08T13:34:42","guid":{"rendered":"https:\/\/mindemosida.se\/?page_id=5"},"modified":"2023-02-08T14:34:42","modified_gmt":"2023-02-08T13:34:42","slug":"medlemsinformation","status":"publish","type":"page","link":"https:\/\/demo1.billigforetagshemsida.se\/?page_id=9800","title":{"rendered":"Medlemsinformation"},"content":{"rendered":"<div class=\"gb-container gb-container-d14629f5\">\n<div class=\"gb-container gb-container-4a0c1529\">\n\n<p>F\u00f6r att kunna upptagas som aktiv medlem i S\u00e4llskapet erfodras<\/p>\n\n\n\n<p><strong><em>&#8211; att hava god frejd och h\u00e4lsa<\/em><\/strong><br><strong><em>&#8211; att inval sker senast det \u00e5r s\u00f6kanden fyller 40 \u00e5r<\/em><\/strong><br><strong><em>&#8211; att vara bef\u00e4lhavare eller styrman p\u00e5 maskindrivet fartyg eller hava f\u00f6rt bef\u00e4l p\u00e5 detsamma<\/em><\/strong><\/p>\n\n\n\n<p>Anm\u00e4lan om intr\u00e4de i S\u00e4llskapet skall ske skriftligen genom n\u00e5gon av S\u00e4llskapets medlemmar (fadder) till Ordf\u00f6randen och anm\u00e4lan skall inneh\u00e5lla f\u00f6ljande:<\/p>\n\n\n\n<p><strong>&#8211;&nbsp;Namn<\/strong><br><strong>&#8211;&nbsp;Personnummer<\/strong><br><strong>&#8211;&nbsp;Adress<\/strong><br><strong>&#8211;&nbsp;Postadress<\/strong><br><strong>&#8211;&nbsp;E-postadress<\/strong><br><strong>&#8211;&nbsp;Mobilnummer<\/strong><br><strong>&#8211;&nbsp;En kortare presentation om utbildning, yrkeserfarenhet<\/strong><br><strong>samt nuvarande syssels\u00e4ttning.<\/strong><\/p>\n\n\n\n<p>Intr\u00e4de i S\u00e4llskapet sker genom genom val p\u00e5 allm\u00e4nt sammantr\u00e4de d\u00e4r omr\u00f6stning bland medlemmarna sker. Omr\u00f6stning m\u00e5ste utfalla med tre fj\u00e4rdedelar till s\u00f6kandes f\u00f6rm\u00e5n f\u00f6r att denne skall bli upptagen som medlem i S\u00e4llskapet.<\/p>\n\n\n\n<p><em>Till passiva medlemmar i S\u00e4llskapet kan styrelsen, utan iakttagande av f\u00f6reskrifterna f\u00f6r inval av aktiva medlemmar, inv\u00e4lja f\u00f6r S\u00e4llskapets \u00e4ndam\u00e5l intresserade personer.<\/em><\/p>\n\n\n\n<p>Medlemsavgiften f\u00f6r aktiva medlemmar \u00e4r 300:- \/ \u00e5r<br>Medlemsavgiften f\u00f6r passiva medlemmar \u00e4r 150:- \/ \u00e5r<\/p>\n\n\n\n<p><strong>Medlemsavgiften vilken best\u00e4ms p\u00e5 allm\u00e4nt \u00e5rsm\u00f6te i mars m\u00e5nad varje \u00e5r erl\u00e4ggs senast 1 juli via inbetalning till<\/strong><\/p>\n\n\n\n<p><strong>Swish 123&nbsp;549 2566<\/strong><\/p>\n\n\n\n<p><strong>eller<\/strong><\/p>\n\n\n\n<p><strong>Plusgiro 43237-7<\/strong><\/p>\n\n\n\n<p><strong>m\u00e4rk inbetalningen med ditt flaggnummer\/efternamn<\/strong><br><br>N\u00e4r medlem erlagt 25 \u00e5rsavgifter \u00e4r denne befriad fr\u00e5n ytterligare avgifter livet ut.<\/p>\n\n\n\n<hr class=\"wp-block-separator has-text-color has-global-color-8-color has-alpha-channel-opacity has-global-color-8-background-color has-background ThickLine\"\/>\n\n\n<div class=\"gb-container gb-container-e71645ed\">\n\n<h3 class=\"gb-headline gb-headline-6fd5014b gb-headline-text\" id=\"GDPR\"><strong>GDPR<\/strong><\/h3>\n\n\n\n<p>Dataskyddsf\u00f6rordningen &#8211; General Data Protection Regulation (GDPR)<\/p>\n\n\n\n<p>Vi beg\u00e4r in uppgifter om v\u00e5ra medlemmar som \u00e4r erforderliga f\u00f6r v\u00e5r verksamhet och f\u00f6r v\u00e5ra medlemsutskick. Uppgifter som vi beg\u00e4r in \u00e4r f\u00f6r- och efternamn, adress- och postadress,&nbsp;personnummer,&nbsp;mobilnummer samt e-postadress. Vi sparar \u00e4ven viss information om v\u00e5ra medlemmars arbetslivserfarenhet.<\/p>\n\n\n\n<p>Vi registrerar och bokf\u00f6r \u00e4ven medlemsbetalningar &#8211; b\u00e5de inkommande och utg\u00e5ende.<\/p>\n\n\n\n<p>Medlemsuppgifter sparas och lagras s\u00e5 l\u00e4nge man \u00e4r medlem i S\u00e4llskapet tillika Stiftelsen och i h\u00e4ndelse av medlems bortg\u00e5ng sparas endast de uppgifter som \u00e4r n\u00f6dv\u00e4ndiga f\u00f6r v\u00e5r bokf\u00f6ring.<\/p>\n\n\n\n<p>Medlem \u00e4ger r\u00e4tt att n\u00e4r som helst beg\u00e4ra ut en kopia av de uppgifter vi har och om dessa \u00e4r felaktiga r\u00e4ttar vi dem omg\u00e5ende eller efter medlemmens beg\u00e4ran. I vissa fall \u00e4ger medlem r\u00e4tt att beg\u00e4ra att uppgifter raderas eller att begr\u00e4nsa anv\u00e4ndningen av dem.<\/p>\n\n\n\n<p>Vi trycker med j\u00e4mna mellanrum upp en medlemsmatrikel som vi skickar ut till v\u00e5ra medlemmar per post. I denna matrikel \u00e5terfinns uppgifter om varje medlem i form av f\u00f6r- och efternamn, hemvist, f\u00f6delse\u00e5r samt intr\u00e4des\u00e5r i S\u00e4llskapet. Om n\u00e5gon medlem ej \u00f6nskas finnas med i v\u00e5r matrikel \u00f6nskar vi att denne personligen meddelar oss detta, kontaktuppgifter \u00e5terfinns p\u00e5 hemsidan.<\/p>\n\n\n\n<p><strong><em>Styrelsen<\/em><\/strong><\/p>\n\n<\/div>\n<\/div>\n<\/div>","protected":false},"excerpt":{"rendered":"<p>F\u00f6r att kunna upptagas som aktiv medlem i S\u00e4llskapet erfodras &#8211; att hava god frejd och h\u00e4lsa&#8211; att inval sker &#8230; <\/p>\n<p class=\"read-more-container\"><a title=\"Medlemsinformation\" class=\"read-more button\" href=\"https:\/\/demo1.billigforetagshemsida.se\/?page_id=9800#more-9800\" aria-label=\"L\u00e4s mer om Medlemsinformation\">Read more<\/a><\/p>\n","protected":false},"author":1,"featured_media":0,"parent":0,"menu_order":0,"comment_status":"closed","ping_status":"closed","template":"","meta":{"footnotes":""},"class_list":{"0":"post-9800","1":"page","2":"type-page","3":"status-publish","5":"infinite-scroll-item","6":"no-featured-image-padding"},"_links":{"self":[{"href":"https:\/\/demo1.billigforetagshemsida.se\/index.php?rest_route=\/wp\/v2\/pages\/9800","targetHints":{"allow":["GET"]}}],"collection":[{"href":"https:\/\/demo1.billigforetagshemsida.se\/index.php?rest_route=\/wp\/v2\/pages"}],"about":[{"href":"https:\/\/demo1.billigforetagshemsida.se\/index.php?rest_route=\/wp\/v2\/types\/page"}],"author":[{"embeddable":true,"href":"https:\/\/demo1.billigforetagshemsida.se\/index.php?rest_route=\/wp\/v2\/users\/1"}],"replies":[{"embeddable":true,"href":"https:\/\/demo1.billigforetagshemsida.se\/index.php?rest_route=%2Fwp%2Fv2%2Fcomments&post=9800"}],"version-history":[{"count":0,"href":"https:\/\/demo1.billigforetagshemsida.se\/index.php?rest_route=\/wp\/v2\/pages\/9800\/revisions"}],"wp:attachment":[{"href":"https:\/\/demo1.billigforetagshemsida.se\/index.php?rest_route=%2Fwp%2Fv2%2Fmedia&parent=9800"}],"curies":[{"name":"wp","href":"https:\/\/api.w.org\/{rel}","templated":true}]}}