{"id":26,"date":"2023-02-09T10:10:34","date_gmt":"2023-02-09T09:10:34","guid":{"rendered":"https:\/\/mindemosida.se\/?page_id=26"},"modified":"2023-02-09T10:10:34","modified_gmt":"2023-02-09T09:10:34","slug":"kontakta-oss","status":"publish","type":"page","link":"https:\/\/demo1.billigforetagshemsida.se\/?page_id=26","title":{"rendered":"Kontakta oss"},"content":{"rendered":"<div class=\"gb-container gb-container-58409b67\">\n<div class=\"gb-container gb-container-53579b3a\">\n\n<p>Kontakta oss via e-post om du har n\u00e5gra fr\u00e5gor!<\/p>\n\n\n\n<p>Gl\u00f6m inte att meddela oss om du \u00e4ndrar dina kontaktuppgifter s\u00e5 att vi kan uppdatera dem i v\u00e5rt medlemsregister.<\/p>\n\n\n\n<h2 class=\"gb-headline gb-headline-25d969f6 gb-headline-text\"><strong><a href=\"mailto:info@kanalflottan.se\">info@kanalflottan.se<\/a><\/strong><\/h2>\n\n\n\n<p>Anv\u00e4nd \u00e4ven denna adress f\u00f6r att anm\u00e4la dig till v\u00e5ra m\u00f6ten.<\/p>\n\n\n\n<figure class=\"gb-block-image gb-block-image-1545b527\"><img loading=\"lazy\" decoding=\"async\" width=\"630\" height=\"125\" class=\"gb-image gb-image-1545b527\" src=\"https:\/\/demo1.billigforetagshemsida.se\/wp-content\/uploads\/2023\/03\/Ankare.jpg\" alt=\"\" title=\"Ankare\" srcset=\"https:\/\/demo1.billigforetagshemsida.se\/wp-content\/uploads\/2023\/03\/Ankare.jpg 630w, https:\/\/demo1.billigforetagshemsida.se\/wp-content\/uploads\/2023\/03\/Ankare-300x60.jpg 300w\" sizes=\"auto, (max-width: 630px) 100vw, 630px\" \/><\/figure>\n\n\n\n<p>Andra s\u00e4tt att kontakta oss<\/p>\n\n\n\n<p><strong>Kanalflottans<br>\u00c5ngfartygs-Bef\u00e4lhafvare<br>S\u00e4llskap<\/strong><br>c\/o Gerle<br>Nedre H\u00f6vik 8<br>430 84 STYRS\u00d6<\/p>\n\n\n\n<h5 class=\"gb-headline gb-headline-05f21d4d gb-headline-text\">Ordf\u00f6rande<\/h5>\n\n\n\n<p><strong>Bertil Hammargren<\/strong><br><em>E-post: <\/em><a href=\"mailto:ordforande@kanalflottan.se\"><em>ordforande@kanalflottan.se<\/em><\/a><br>Tel: 0734-266414<br>Hov\u00e5s Mullb\u00e4rsg\u00e5ng 9, 436 54 HOV\u00c5S<\/p>\n\n\n\n<p class=\"has-medium-font-size\">Vi finns \u00e4ven p\u00e5 Instagram och Facebook!<\/p>\n\n\n<div class=\"gb-grid-wrapper gb-grid-wrapper-32c3b0f5\">\n<div class=\"gb-grid-column gb-grid-column-ac6aa318\"><div class=\"gb-container gb-container-ac6aa318\">\n\n<figure class=\"gb-block-image gb-block-image-ef62cb99\"><a href=\"https:\/\/www.instagram.com\/kanalflottan\/\" target=\"_blank\" rel=\"noopener noreferrer nofollow\"><img loading=\"lazy\" decoding=\"async\" width=\"128\" height=\"128\" class=\"gb-image gb-image-ef62cb99\" src=\"https:\/\/demo1.billigforetagshemsida.se\/wp-content\/uploads\/2024\/05\/instagram-128.png\" alt=\"\" title=\"instagram-128\"\/><\/a><\/figure>\n\n<\/div><\/div>\n\n<div class=\"gb-grid-column gb-grid-column-b73022af\"><div class=\"gb-container gb-container-b73022af\">\n\n<figure class=\"gb-block-image gb-block-image-a35395d3\"><a href=\"https:\/\/www.facebook.com\/groups\/701790768082908\" target=\"_blank\" rel=\"noopener noreferrer nofollow\"><img decoding=\"async\" class=\"gb-image gb-image-a35395d3\" src=\"https:\/\/demo1.billigforetagshemsida.se\/wp-content\/uploads\/2024\/05\/facebook-128.png\" alt=\"\" title=\"facebook-128\"\/><\/a><\/figure>\n\n<\/div><\/div>\n\n<div class=\"gb-grid-column gb-grid-column-1fa1d646\"><div class=\"gb-container gb-container-1fa1d646\">\n\n<h2 class=\"gb-headline gb-headline-ff318367 gb-headline-text\">F\u00f6lj oss g\u00e4rna<\/h2>\n\n<\/div><\/div>\n<\/div>\n<\/div>\n<\/div>","protected":false},"excerpt":{"rendered":"<p>Kontakta oss via e-post om du har n\u00e5gra fr\u00e5gor! Gl\u00f6m inte att meddela oss om du \u00e4ndrar dina kontaktuppgifter s\u00e5 &#8230; <\/p>\n<p class=\"read-more-container\"><a title=\"Kontakta oss\" class=\"read-more button\" href=\"https:\/\/demo1.billigforetagshemsida.se\/?page_id=26#more-26\" aria-label=\"L\u00e4s mer om Kontakta oss\">Read more<\/a><\/p>\n","protected":false},"author":1,"featured_media":0,"parent":0,"menu_order":0,"comment_status":"closed","ping_status":"closed","template":"","meta":{"footnotes":""},"class_list":{"0":"post-26","1":"page","2":"type-page","3":"status-publish","5":"infinite-scroll-item","6":"no-featured-image-padding"},"_links":{"self":[{"href":"https:\/\/demo1.billigforetagshemsida.se\/index.php?rest_route=\/wp\/v2\/pages\/26","targetHints":{"allow":["GET"]}}],"collection":[{"href":"https:\/\/demo1.billigforetagshemsida.se\/index.php?rest_route=\/wp\/v2\/pages"}],"about":[{"href":"https:\/\/demo1.billigforetagshemsida.se\/index.php?rest_route=\/wp\/v2\/types\/page"}],"author":[{"embeddable":true,"href":"https:\/\/demo1.billigforetagshemsida.se\/index.php?rest_route=\/wp\/v2\/users\/1"}],"replies":[{"embeddable":true,"href":"https:\/\/demo1.billigforetagshemsida.se\/index.php?rest_route=%2Fwp%2Fv2%2Fcomments&post=26"}],"version-history":[{"count":0,"href":"https:\/\/demo1.billigforetagshemsida.se\/index.php?rest_route=\/wp\/v2\/pages\/26\/revisions"}],"wp:attachment":[{"href":"https:\/\/demo1.billigforetagshemsida.se\/index.php?rest_route=%2Fwp%2Fv2%2Fmedia&parent=26"}],"curies":[{"name":"wp","href":"https:\/\/api.w.org\/{rel}","templated":true}]}}